t(a). What is the remainder when 53 is divided by v(11)?
17
Let q = -21 + -20. Let f = -18 - q. Calculate the remainder when f is divided by 8.
7
Let z = 58 - 20. What is the remainder when 224 is divided by z?
34
Let z be (7 - 4)/((-3)/(-4)). Suppose z*m - 285 = -m. What is the remainder when m is divided by 20?
17
Suppose -2*h + 15 = -15. Let s(v) = v**3 + 7*v**2 + 8. Let l = -15 - -8. Calculate the remainder when h is divided by s(l).
7
Suppose f = -l + 53, 4*f = -5*l - 92 + 357. What is the remainder when l is divided by 9?
8
Let m(t) = 3*t**2 + 3*t + 3. Calculate the remainder when m(-4) is divided by 20.
19
Suppose 8*p - 3*p - 315 = 0. Suppose 4 = o - 4. What is the remainder when p/(-6)*4/(-3) is divided by o?
6
Suppose 5*f = 4*r - 8, 0*f + 2*f = -3*r + 6. Suppose -r*i = -3*w - 67, -6*w = 2*i - 2*w - 60. Let b = -14 - -31. Calculate the remainder when i is divided by b.
15
Suppose 0 = -5*c - 5*b + 60, -4*b + 5 = -3*c + 20. What is the remainder when 16 is divided by c?
7
Suppose -5*f - f = -150. What is the remainder when 49 is divided by f?
24
Suppose -50 = -5*c - 3*w, 0*w + 70 = 5*c - w. Calculate the remainder when c is divided by 8.
5
Let u(m) = 2*m**3 - 2*m**2 + m + 3. What is the remainder when u(3) is divided by 15?
12
Let q(w) = w**3 + w**2 - 4*w - 5. What is the remainder when q(4) is divided by 20?
19
Let h(k) = 0*k - 4*k - 4*k**3 + 5*k**3 + 5*k. What is the remainder when 2 is divided by h(1)?
0
Let x be (-15 + 1)*8/2. What is the remainder when (x/10)/((-2)/10) is divided by 15?
13
Let b(v) be the first derivative of v**4/4 + v**3 - v**2/2 - v + 4. What is the remainder when 50 is divided by b(2)?
16
Suppose 3*q + 28 = 5*i - 4*i, 3*i = 5*q + 68. Calculate the remainder when ((-61)/(-2))/(2/4) is divided by i.
13
Let t = -11 - -15. Suppose -t*i - 3*r + 150 = 0, 6*i - 114 = 3*i - 3*r. Calculate the remainder when i is divided by 13.
10
Let y = 7 + -2. Let z(q) = -q**3 - 2*q + 6*q**2 - 3*q + 4*q - 6. Calculate the remainder when 27 is divided by z(y).
13
Suppose -r = -2*r - 27. Let w be ((-1)/3)/(3/r). Suppose -5*q + 5 = 0, 2*o - 24 = -w*q + 13. Calculate the remainder when 49 is divided by o.
15
Suppose u - 50 = -u. Suppose 5 = 4*t + u. Let x = t - -17. What is the remainder when 35 is divided by x?
11
Let b = -3 - -4. Suppose -5*m = -4*h + 7, -2*h - m = -5*m - 2. Suppose -h*r - 4*y + 11 = 0, 3*y - 6 + 0 = 0. What is the remainder when r is divided by b?
0
Let z(v) = -v**3 - v**2 + v + 13. Let n be z(0). Let w(g) = g**3 - 3*g**2 - g - 4. Let h be w(3). Let j = h + n. What is the remainder when 11 is divided by j?
5
Suppose 0 = -4*j - u + 19 - 1, -4*u = -3*j + 4. Suppose v + 3*v - 3*p + 24 = 0, 0 = -2*v - 3*p - 12. What is the remainder when 8/v*(-21)/2 is divided by j?
2
Let x = 10 + 25. What is the remainder when x is divided by 5?
0
Suppose 2*r - 8 = 14. Let i = 39 + -3. Let y = -4 + i. What is the remainder when y is divided by r?
10
Let d(a) be the third derivative of 5*a**4/24 + a**3/3 - a**2. Let n = 18 + -9. Calculate the remainder when d(3) is divided by n.
8
Let y = 28 + 36. What is the remainder when y is divided by 11?
9
Suppose 0*i - 2*a = -2*i + 4, a - 2 = 5*i. Let y be 9*(4/3)/i. What is the remainder when ((-38)/4)/(2/y) is divided by 15?
12
Let q be 8/(-12)*-3*20. Suppose 0 = -4*o + 4*d + 84, -3*d + 6 = -9. Let s = q - o. Calculate the remainder when 41 is divided by s.
13
Suppose -2*q = -6*q + 52. Calculate the remainder when 50 is divided by q.
11
Calculate the remainder when 108 is divided by (-4235)/(-140) - (-10)/(-8).
21
Let u(h) = -2*h**3 - h**2 - h. Let s = 2 + -3. What is the remainder when -2 - -4 - (-4)/2 is divided by u(s)?
0
Let w(v) = -4*v**3 - v**2 + v. Let g be 0/(2 + -2 - -2). Calculate the remainder when w(-2) is divided by -2*7*(-1 + g).
12
Let g = 52 - -3. Let a(s) = 12*s - 5. What is the remainder when g is divided by a(2)?
17
Suppose -3*q = -4*m + m + 48, -2*q = m - 16. Calculate the remainder when 58 is divided by m.
10
Suppose 4*z = -5*v + 83, v = z - 4 - 10. Calculate the remainder when 66 is divided by z.
15
Let q(v) = 12*v + 1. Let j be q(5). Let p = -40 + j. Calculate the remainder when p is divided by 11.
10
Suppose y = -4, 3*s - y - 267 = 2*y. What is the remainder when s is divided by 22?
19
What is the remainder when 3/(42/(-4)) + 46800/336 is divided by 20?
19
Let l(n) = n - 19. Let k be l(0). Let a = 13 - k. Calculate the remainder when 63 is divided by a.
31
Suppose 2 - 25 = -o. What is the remainder when 66 is divided by o?
20
Let z = -94 + 58. Calculate the remainder when (z/10 + 0)*-15 is divided by 19.
16
What is the remainder when 2/((-6)/9) + 241 is divided by 12?
10
Suppose 5*g - 315 = -0*g. Let f = g - 35. What is the remainder when f is divided by 10?
8
Suppose 4*a = -f - a - 24, f - 4*a = -51. Let y = 0 - -14. What is the remainder when f/(3*(-3)/6) is divided by y?
12
Let m(u) = 2*u**2 + 14*u + 27. Let w(n) = 2*n**2 - 4*n - 1. What is the remainder when m(-7) is divided by w(4)?
12
Suppose -q + 3*q - 32 = 0. What is the remainder when q is divided by 11?
5
Let c be -2 - -5 - 0/(-2). Let b be (0/1)/(c + -1). Suppose b*l = 3*l - 105. What is the remainder when l is divided by 12?
11
Let g(v) = v + 39. Let t be g(0). Suppose -t = -3*w + 3*b, 0 = -5*w + 4*w + 2*b + 11. What is the remainder when w is divided by 8?
7
Let g(v) = -v + 13. What is the remainder when g(10) is divided by 2?
1
Let a(l) = -l**2 + 17*l + 14. What is the remainder when 125 is divided by a(17)?
13
Calculate the remainder when 486/4 + ((-6)/4)/(-1) is divided by 42.
39
Suppose 2*d - 18 = 4*f, 5*f + 10 = 5*d - 10. Let t(n) = -n**2 - 7*n + 16. Calculate the remainder when (9/(-2))/d*10 is divided by t(-7).
13
Suppose -3*h + 25 = -0*o - o, 2*h + o - 15 = 0. What is the remainder when 31 is divided by h?
7
Suppose -3*y = y - 96. Suppose -y = -2*z - 0*z. Calculate the remainder when 35 is divided by z.
11
Let i(k) = k**3 - 3*k**2 - 3*k + 5. What is the remainder when i(4) is divided by 7?
2
Let b(d) = d**3 + 6*d**2 + 5*d + 2. Let g be b(-5). Calculate the remainder when (-4)/(-4*g/76) is divided by 10.
8
Let m(v) = 3*v + 6*v**2 - 23 + 3*v + 21 - v**3. What is the remainder when 65 is divided by m(6)?
31
Let a(w) = w**2 - w + 7. Let u = -6 - -13. Calculate the remainder when a(4) is divided by u.
5
Suppose r = -0*r + 34. Calculate the remainder when r is divided by 9.
7
Let c be ((-12)/(-8))/(1/2). Suppose c*p - 23 - 16 = 0. Calculate the remainder when 24 is divided by p.
11
Calculate the remainder when (-2852)/(-36) - 2/(-27)*-3 is divided by 20.
19
Suppose -b = -7*b + 60. Suppose -5*t = -3*w + 31, t = -w - t + 25. What is the remainder when w is divided by b?
7
Let p be ((-3)/(-6))/((-2)/4). Let a = 4 + p. Suppose -5*q + 53 = a. Calculate the remainder when q is divided by 4.
2
Suppose 33 = 5*v + 2*x, -3*v - 4*x + 16 = x. Let i be (4/(-4))/((-1)/11). Let b = 15 - i. Calculate the remainder when v is divided by b.
3
Let n be (-594)/(-15) + (-6)/10. Let g = n + -28. What is the remainder when g is divided by 6?
5
Let p(n) = n**3 - 9*n**2 - 9*n + 8. Let s = -7 + 12. Suppose -s*v - 59 = -324. What is the remainder when v is divided by p(10)?
17
Suppose 0 = 3*k, -5*a - 3*k = k. Suppose -5*w + 209 - 19 = a. Calculate the remainder when w is divided by ((-39)/(-6))/((-2)/(-4)).
12
Let f(q) = -q. Let c(r) = -7*r + 1. Let b(m) = -2*c(m) + 2*f(m). What is the remainder when b(3) is divided by 9?
7
Let p = 26 + -23. What is the remainder when p is divided by 3?
0
Suppose q - 1 = 1. Suppose q*m = -0*m, -5*m = 4*c - 196. What is the remainder when c is divided by 17?
15
Suppose -697 = -3*x + 731. Let d(t) = t**3 - 5*t**2 - 5*t + 7. What is the remainder when x/20 + 2/10 is divided by d(6)?
11
Let n be (0 - 3)*(-10)/2. Suppose 3*s - 2*o - 98 = -n, -3*s + 93 = 3*o. Calculate the remainder when s is divided by 16.
13
Let y(k) = k**3 + 16*k**2 + 13*k - 26. Calculate the remainder when 19 is divided by y(-15).
3
Suppose -4*m - 11 - 13 = 0. Let s be (-1)/(2 + -1) + -7. Calculate the remainder when 6 is divided by 16/m*12/s.
2
Suppose -2*x + 3*x = l - 81, -2*l + 197 = 5*x. What is the remainder when l is divided by 29?
28
Let z(t) = -t**2 + 7*t - 7. Let w be z(5). Suppose 2*q = r + 2, -r + 7*q - 8 = w*q. What is the